{"id":6,"date":"2019-07-19T16:32:32","date_gmt":"2019-07-19T16:32:32","guid":{"rendered":"https:\/\/townsound.de\/?page_id=6"},"modified":"2020-09-23T12:28:21","modified_gmt":"2020-09-23T12:28:21","slug":"kontakt","status":"publish","type":"page","link":"https:\/\/townsound.de\/?page_id=6","title":{"rendered":"Impressum"},"content":{"rendered":"<h2>Angaben gem\u00e4\u00df \u00a7 5 TMG:<\/h2>\n<p>Townsound<\/p>\n<p>Lukas Jessing<\/p>\n<p><span style=\"font-size: inherit; font-family: BlinkMacSystemFont, -apple-system, 'Segoe UI', Roboto, Helvetica, Arial, sans-serif;\">Wiesenstra\u00dfe 24a<\/span><\/p>\n<p>D &#8211; 21255 Dohren<\/p>\n<h2>Kontakt:<\/h2>\n<table>\n<tbody>\n<tr>\n<td>Telefon:<\/td>\n<td>(+49) 173 80 26 706<\/td>\n<\/tr>\n<tr>\n<td>E-Mail:<\/td>\n<td>Townsound.events@gmx.de<\/td>\n<\/tr>\n<\/tbody>\n<\/table>\n<h3 id=\"1428066521\" class=\"u_1428066521 dmNewParagraph\" data-inject=\"impressum-paragraphTitle3\" data-uialign=\"center\" data-element-type=\"paragraph\">Inhaltlich Verantwortlicher gem\u00e4\u00df \u00a7 55 RfStV und \u00a7 5 TMG ist:<\/h3>\n<div id=\"1610766886\" class=\"u_1610766886 dmNewParagraph\" data-inject=\"impressum-paragraphText3\" data-uialign=\"center\" data-dmtmpl=\"true\">Lukas David Jessing<\/div>\n<h3 id=\"1922097649\" class=\"u_1922097649 dmNewParagraph\" data-inject=\"impressum-paragraphTitle4\" data-uialign=\"center\" data-element-type=\"paragraph\">Steuernummer<\/h3>\n<div id=\"1482594675\" class=\"u_1482594675 dmNewParagraph\" data-inject=\"impressum-paragraphText4\" data-uialign=\"center\" data-dmtmpl=\"true\">15\/120\/00598<\/div>\n<div class=\"u_1482594675 dmNewParagraph\" data-inject=\"impressum-paragraphText4\" data-uialign=\"center\" data-dmtmpl=\"true\"><\/div>\n<div class=\"u_1482594675 dmNewParagraph\" data-inject=\"impressum-paragraphText4\" data-uialign=\"center\" data-dmtmpl=\"true\">Finanzamt Buchholz in der Nordheide<\/div>\n<div data-inject=\"impressum-paragraphText4\" data-uialign=\"center\" data-dmtmpl=\"true\">Bundesfinanzamtnummer: 2315<\/div>\n<h1>Haftungsausschluss<\/h1>\n<p><strong>Haftung f\u00fcr Inhalte<\/strong><\/p>\n<p>Als Diensteanbieter sind wir gem\u00e4\u00df \u00a7 7 Abs.1 TMG f\u00fcr eigene Inhalte auf diesen Seiten nach den allgemeinen Gesetzen verantwortlich. Nach \u00a7\u00a7 8 bis 10 TMG sind wir als Diensteanbieter jedoch nicht verpflichtet, \u00fcbermittelte oder gespeicherte fremde Informationen zu \u00fcberwachen oder nach Umst\u00e4nden zu forschen, die auf eine rechtswidrige T\u00e4tigkeit hinweisen. Verpflichtungen zur Entfernung oder Sperrung der Nutzung von Informationen nach den allgemeinen Gesetzen bleiben hiervon unber\u00fchrt. Eine diesbez\u00fcgliche Haftung ist jedoch erst ab dem Zeitpunkt der Kenntnis einer konkreten Rechtsverletzung m\u00f6glich. Bei Bekanntwerden von entsprechenden Rechtsverletzungen werden wir diese Inhalte umgehend entfernen.<\/p>\n<p><strong>Haftung f\u00fcr Links<\/strong><\/p>\n<p>Unser Angebot enth\u00e4lt Links zu externen Webseiten Dritter, auf deren Inhalte wir keinen Einfluss haben. Deshalb k\u00f6nnen wir f\u00fcr diese fremden Inhalte auch keine Gew\u00e4hr \u00fcbernehmen. F\u00fcr die Inhalte der verlinkten Seiten ist stets der jeweilige Anbieter oder Betreiber der Seiten verantwortlich. Die verlinkten Seiten wurden zum Zeitpunkt der Verlinkung auf m\u00f6gliche Rechtsverst\u00f6\u00dfe \u00fcberpr\u00fcft. Rechtswidrige Inhalte waren zum Zeitpunkt der Verlinkung nicht erkennbar. Eine permanente inhaltliche Kontrolle der verlinkten Seiten ist jedoch ohne konkrete Anhaltspunkte einer Rechtsverletzung nicht zumutbar. Bei Bekanntwerden von Rechtsverletzungen werden wir derartige Links umgehend entfernen.<\/p>\n<p><strong>Urheberrecht<\/strong><\/p>\n<p>Die durch die Seitenbetreiber erstellten Inhalte und Werke auf diesen Seiten unterliegen dem deutschen Urheberrecht. Die Vervielf\u00e4ltigung, Bearbeitung, Verbreitung und jede Art der Verwertung au\u00dferhalb der Grenzen des Urheberrechtes bed\u00fcrfen der schriftlichen Zustimmung des jeweiligen Autors bzw. Erstellers. Downloads und Kopien dieser Seite sind nur f\u00fcr den privaten, nicht kommerziellen Gebrauch gestattet. Soweit die Inhalte auf dieser Seite nicht vom Betreiber erstellt wurden, werden die Urheberrechte Dritter beachtet. Insbesondere werden Inhalte Dritter als solche gekennzeichnet. Sollten Sie trotzdem auf eine Urheberrechtsverletzung aufmerksam werden, bitten wir um einen entsprechenden Hinweis. Bei Bekanntwerden von Rechtsverletzungen werden wir derartige Inhalte umgehend entfernen.<\/p>\n","protected":false},"excerpt":{"rendered":"<p>Angaben gem\u00e4\u00df \u00a7 5 TMG: Townsound Lukas Jessing Wiesenstra\u00dfe 24a D &#8211; 21255 Dohren Kontakt: Telefon: (+49) 173 80 26 706 E-Mail: Townsound.events@gmx.de Inhaltlich Verantwortlicher gem\u00e4\u00df \u00a7 55 RfStV und \u00a7 5 TMG ist: Lukas David Jessing Steuernummer 15\/120\/00598 Finanzamt Buchholz in der Nordheide Bundesfinanzamtnummer: 2315 Haftungsausschluss Haftung f\u00fcr Inhalte Als Diensteanbieter sind wir gem\u00e4\u00df [&hellip;]<\/p>\n","protected":false},"author":1,"featured_media":0,"parent":0,"menu_order":0,"comment_status":"closed","ping_status":"closed","template":"","meta":[],"_links":{"self":[{"href":"https:\/\/townsound.de\/index.php?rest_route=\/wp\/v2\/pages\/6"}],"collection":[{"href":"https:\/\/townsound.de\/index.php?rest_route=\/wp\/v2\/pages"}],"about":[{"href":"https:\/\/townsound.de\/index.php?rest_route=\/wp\/v2\/types\/page"}],"author":[{"embeddable":true,"href":"https:\/\/townsound.de\/index.php?rest_route=\/wp\/v2\/users\/1"}],"replies":[{"embeddable":true,"href":"https:\/\/townsound.de\/index.php?rest_route=%2Fwp%2Fv2%2Fcomments&post=6"}],"version-history":[{"count":8,"href":"https:\/\/townsound.de\/index.php?rest_route=\/wp\/v2\/pages\/6\/revisions"}],"predecessor-version":[{"id":120,"href":"https:\/\/townsound.de\/index.php?rest_route=\/wp\/v2\/pages\/6\/revisions\/120"}],"wp:attachment":[{"href":"https:\/\/townsound.de\/index.php?rest_route=%2Fwp%2Fv2%2Fmedia&parent=6"}],"curies":[{"name":"wp","href":"https:\/\/api.w.org\/{rel}","templated":true}]}}